 = -373 - -552. What are the prime factors of y?
179
Let m(f) = 5*f - 4. Let y be m(8). Suppose 2*c - 6*c = y. Let i = 15 + c. List the prime factors of i.
2, 3
Let g be (-2)/3 + (-20)/6. Let h be -50*1*2/g. Suppose 3*w - h = -2*a, 39 = 3*w + w - 3*a. What are the prime factors of w?
3
Let y = -1 - 2. List the prime factors of 25 + -1*y/(-3).
2, 3
Suppose -3*f = -19 - 8. Let o = f - 3. What are the prime factors of o?
2, 3
Suppose -5*y - 2*b = -185, 5*b = -2*y - 2*y + 165. List the prime factors of y.
5, 7
Let d be -4*(-2)/4*16. Suppose d = 5*g - g. List the prime factors of g.
2
Let o(s) = -s**2 - 9*s + 13. Let g be o(-10). Suppose 6*v = g*v + 30. List the prime factors of v.
2, 5
Let r = 267 - 99. List the prime factors of r.
2, 3, 7
Suppose 3*g = g. Suppose g = -4*s - b + 1, -3*s = -3*b - 12. List the prime factors of s + (-3)/3*-17.
2, 3
Let m(x) = -4*x - 14. Let u(h) = -9*h - 29. Let k(i) = -7*m(i) + 3*u(i). Let n be k(-8). Suppose -o = n - 12. List the prime factors of o.
3
Let g(s) = -3*s - 36. What are the prime factors of g(-15)?
3
Let x(s) = 18*s - 4. List the prime factors of x(5).
2, 43
Suppose 9*y = 11*y - 36. List the prime factors of y.
2, 3
Suppose -z - 722 = -2*w, 2*w - 1078 = -w - z. List the prime factors of w.
2, 3, 5
Let p = -129 + 207. List the prime factors of p.
2, 3, 13
Suppose 0 = -g - 5*d + 21, -21 = -4*g - 0*g + d. Suppose -6*n = -7*n + g. List the prime factors of n.
2, 3
What are the prime factors of (145 - (-2)/1) + (-6)/3?
5, 29
Suppose 5*p + 4*n = 14, 1 + 4 = 4*p - 3*n. Let u be (-2 - (-1 + -1))/p. Let x = 12 - u. List the prime factors of x.
2, 3
Let t be (-5)/15 - (-2)/6. Let q be -1*(-2 - t) + -2. Suppose -5*u = 2*m - 61, q*m + 5*m = u - 23. What are the prime factors of u?
13
Suppose 0 = -2*l + 5*x + 26, -2*l + 14 = -0*l - 2*x. What are the prime factors of (-20)/(-8)*(l + 1)?
2, 5
What are the prime factors of (174/10)/(14/70)?
3, 29
Let m = 137 + -96. What are the prime factors of m?
41
Suppose j - r - 168 = 0, 2*r + 15 = -3*r. List the prime factors of j.
3, 5, 11
Let b be (-2)/5 + 10/25. Suppose 3*m + b*m = 27. Suppose 4 - m = -c. List the prime factors of c.
5
Let c(p) = -10*p**2 - 5*p + 2. Let u(s) = 10*s**2 + 6*s - 3. Let f(a) = -4*c(a) - 3*u(a). Let n = -1 + 0. List the prime factors of f(n).
3
Let s = 7 - -38. List the prime factors of s.
3, 5
Suppose -u + 20 + 61 = 0. List the prime factors of u.
3
Suppose 4*d = o - 5*o + 48, -30 = -2*d - 5*o. List the prime factors of d.
2, 5
Let r = -21 - -39. What are the prime factors of r?
2, 3
What are the prime factors of -1*(-13 - (-9)/3)?
2, 5
Let f be 4 + (2 - (-1 + 3)). Let h be 2/(2 - 13/7). Suppose -5*m = 2*q - h, m + f*q - 12 = -m. What are the prime factors of m?
2
Let l = -47 + 17. Let b = l + 50. List the prime factors of b.
2, 5
Let u = 226 - 86. What are the prime factors of u?
2, 5, 7
Let p(z) = -z**3 - 10*z**2 + 12*z + 8. Let m be p(-11). Let x = m + 14. What are the prime factors of x?
11
Suppose -i - 28 = -72. Let p = i - 18. List the prime factors of p.
2, 13
Let y = 41 + -6. List the prime factors of y.
5, 7
What are the prime factors of (13*-2)/(3 - 4)?
2, 13
Let g(a) = -17*a + 8*a**2 + 9*a - 1 + 42*a**2 + 7*a. What are the prime factors of g(-1)?
2, 5
Let l = 502 - 205. What are the prime factors of l?
3, 11
List the prime factors of (-2)/12 + 26/12.
2
Let k = -4 + 16. Suppose 2*l - 5*l + k = 0. Suppose u + 3*u = -4*s + 40, -l*s + 67 = -5*u. What are the prime factors of s?
13
Let r(k) = k**3 - 6*k**2 - 10*k + 3. List the prime factors of r(8).
3, 17
Suppose -a = -0*a - 33. Suppose 0*g = -g + a. Suppose 2*r - 2*j + 6 = 28, g = 3*r - 4*j. What are the prime factors of r?
11
Let m be (-6)/(0 - 6/4). Suppose m*z + 34 + 6 = 2*v, -v + 4*z + 10 = 0. Let y = v - 19. What are the prime factors of y?
11
Suppose 2*s - 3*k = 2 - 13, -2*s + 5*k - 21 = 0. List the prime factors of 480/35 + s/7.
2, 7
What are the prime factors of (51/(-34))/((-3)/80)?
2, 5
Suppose -3*p + 168 = p. Suppose 0*u = 3*u + p. Let h = u - -20. What are the prime factors of h?
2, 3
Suppose -2*m = -7*m + 15. Suppose 3*f + m*w = w + 53, 2*f - 50 = -5*w. What are the prime factors of f?
3, 5
List the prime factors of 2/11 + 656/22.
2, 3, 5
Suppose -66 + 326 = 4*m. Let f = m - 46. List the prime factors of f.
19
Let q(u) = 2*u - 3. Let x be q(3). Suppose -2*j = -x*j + 52. Suppose 6*c - c - j = -o, 2*c - 5*o = 37. What are the prime factors of c?
11
Let b(i) = 6*i + 2 - 2 + 2*i**2 - 5. Suppose -3*g = -2*g + 5. List the prime factors of b(g).
3, 5
Let p = 17 + -12. Suppose 4*q - j - 42 = 4*j, 3*q - p*j - 29 = 0. List the prime factors of q.
13
Suppose 0 = -3*t + 100 + 26. List the prime factors of t.
2, 3, 7
Let y be 4/(-10) + (-12)/(-30). Suppose y*v + 7 = v. Suppose p = v - 3. What are the prime factors of p?
2
Let i(h) be the third derivative of h**6/120 + 2*h**5/15 - 11*h**4/24 - 2*h**3/3 - h**2. List the prime factors of i(-9).
2, 7
Let m(u) = -u**2 - 6*u - 5. Suppose -5*t - 25 = -5. Let w be m(t). List the prime factors of 12/(-18) - (-23)/w.
7
Suppose k = 2*k. Let m = 2 + k. List the prime factors of ((-50)/4)/(-5)*m.
5
Let q = -5 + 9. Suppose -q*x + 88 = -0*x. What are the prime factors of x?
2, 11
Let l(y) = -y**3 - 6*y**2 + 6*y + 5. Let h(x) = x**2 - 5*x + 6. Let o be h(5). Let i(d) = d**3 - 6*d**2 - d - 1. Let s be i(o). List the prime factors of l(s).
2, 3
Let v(m) = -m**3 - m**2 + m + 24. Let b be (0/1)/(2 - 4). List the prime factors of v(b).
2, 3
Let n(x) = -x**2 - 5*x - 6. Let b be n(-5). Let q = 10 - -3. Let s = b + q. List the prime factors of s.
7
Suppose 3*d - 5*g = -3, 4 = -3*d - d + 3*g. List the prime factors of d/3 + (-31)/(-3).
2, 5
Let u(s) = s**3 + 7*s**2 - 2*s - 8. Let t = -30 + 43. Let q = 6 - t. List the prime factors of u(q).
2, 3
Let r = -12 + 5. Let f = 3 - 3. Let v = f - r. What are the prime factors of v?
7
Let d(c) = 2*c**2 + 2*c + 2. Let g be d(-2). Let s(o) be the third derivative of -o**4/24 + 11*o**3/6 - 2*o**2. List the prime factors of s(g).
5
Let w(b) = -b - 6. Let l be w(-11). Let v(i) = -3*i - 1 - l + 2*i + 4. List the prime factors of v(-6).
2
Let v = -278 + 408. List the prime factors of v.
2, 5, 13
Let t be (-1 - -1)*(-9)/(-18). Suppose t = -4*v - 13 + 117. What are the prime factors of v?
2, 13
Suppose 3 = -3*p, 2*p + 61 = 2*y - 53. What are the prime factors of y?
2, 7
Let z(x) = -7*x + 1. Let d be z(1). List the prime factors of d/8 - 984/(-32).
2, 3, 5
Let k(x) = -x**2 + x + 3. Suppose 0*j = j. What are the prime factors of k(j)?
3
Suppose -2*b + 228 - 24 = 0. List the prime factors of b.
2, 3, 17
List the prime factors of (-1)/((-3)/828*3).
2, 23
Let w(p) = -5*p**3 - 2*p**2 - p. Let f be w(-1). Suppose 0 = 4*u - 3*s + 3 + 1, 20 = 2*u + f*s. What are the prime factors of u?
2
Let z = 19 - 41. Let l = -15 - z. List the prime factors of l.
7
Suppose -q - 15 = 2*u, 0*u + 24 = -3*q + u. List the prime factors of -3 - (q - -3 - -1).
2
What are the prime factors of (88/(-12))/(1/(-3))?
2, 11
Suppose 4*y - 22 = -2. Suppose 0*x = -x + y*b + 10, 0 = 2*x - 4*b - 14. What are the prime factors of (6/x)/(6/45)?
3
Let m be ((-14)/3)/((-4)/(-12)). Let j be 8/28 + (-66)/m. Suppose 2*t - 21 = -j. List the prime factors of t.
2
Let b(h) = h**3 - 19*h**2 + 20*h - 10. What are the prime factors of b(18)?
2, 13
Suppose -5*n = -5, 2*j + 4*n = 7*j - 16. Suppose -58 + 10 = j*r. Let i = 20 + r. List the prime factors of i.
2
Suppose 0*j + 5*j - 2*r + 20 = 0, 2*j = -5*r - 8. Let i be (-67)/(-7) + 2 - 15/(-35). Let g = i + j. What are the prime factors of g?
2
Let l(u) = -3*u - 1. Let c be l(-2). Let f(m) = 5*m**2 - 7*m - 7. Let k(a) = -11*a**2 + 15*a + 14. Let i(n) = 9*f(n) + 4*k(n). List the prime factors of i(c).
3
Suppose 0*m + 14 = m. Let r = m - 0. What are the prime factors of r?
2, 7
Let c(t) be the first derivative of -t**4/4 + 5*t**3/3 + 9*t**2/2 - 2*t + 2. List the prime factors of c(6).
2
Suppose 0 = 3*p - 570 + 21. What are the prime factors of p?
3, 61
Let a = -9 - -14. Suppose a*q - c - 67 = -0*c, 12 = 4*c. List the prime factors of q.
2, 7
Suppose -8*w - 10 = -3*w, -w + 93 = 5*a. What are the prime factors of a?
19
Suppose -168 = -5*f + 5*k - 3*k, 2*f + 3*k = 52. Suppose 0 = 4*w - d - f - 112, 5*w = -5*d + 155. Suppose -8*z + w = -3*z. 